5150?
-15144
In base 15, what is 14 - -131?
145
In base 6, what is -151355 + 1?
-151354
In base 16, what is -14 - 6?
-1a
In base 4, what is -30333 - 30?
-31023
In base 4, what is 3 + -2312?
-2303
In base 16, what is 1 + 1?
2
In base 8, what is -6673 + 1?
-6672
In base 3, what is 2 + -220022?
-220020
In base 11, what is -464 + 20?
-444
In base 3, what is 110111102 - 1?
110111101
In base 13, what is 8 - -b?
16
In base 9, what is 61 + -561?
-500
In base 13, what is 8 - -211?
219
In base 14, what is -6 + 2?
-4
In base 10, what is 18 - 501?
-483
In base 3, what is 1 - -11212?
11220
In base 15, what is 4 - 1d?
-19
In base 14, what is -164 + 0?
-164
In base 6, what is 4 + 13340?
13344
In base 12, what is -148a - 2?
-1490
In base 7, what is -5 + -412?
-420
In base 3, what is -1 - 1001?
-1002
In base 3, what is -11 - -102221?
102210
In base 7, what is -31 - -3?
-25
In base 12, what is -6 - 225?
-22b
In base 2, what is -11001110 + 0?
-11001110
In base 15, what is 146 - 9?
13c
In base 4, what is -100233 + -11?
-100310
In base 2, what is -11010100000 + 1001?
-11010010111
In base 14, what is 441 - 1?
440
In base 4, what is 31012 + 0?
31012
In base 16, what is 107 + -5?
102
In base 4, what is -11 - 20?
-31
In base 5, what is -221 + 0?
-221
In base 10, what is -3 - -679?
676
In base 7, what is -6411 + -2?
-6413
In base 16, what is -1bf - 10?
-1cf
In base 14, what is 1ca - -1?
1cb
In base 5, what is -24 + 41?
12
In base 6, what is 321342 - -3?
321345
In base 11, what is 5 + 106?
110
In base 6, what is -5 + -11151?
-11200
In base 4, what is 3 + -3?
0
In base 3, what is -22 + 1001012?
1000220
In base 10, what is -3 - 4?
-7
In base 10, what is -92 + 6?
-86
In base 12, what is 68 + -9?
5b
In base 6, what is -2 + 14334?
14332
In base 12, what is -1b2 - -5?
-1a9
In base 15, what is -18 + c?
-b
In base 12, what is 97 + 5?
a0
In base 12, what is 172 - -5?
177
In base 16, what is -13b - -13?
-128
In base 2, what is -110 + -111111110?
-1000000100
In base 8, what is 21500 - 2?
21476
In base 9, what is -182 - 15?
-207
In base 12, what is bb3 + -1?
bb2
In base 7, what is 25 + 0?
25
In base 8, what is -7 - -120?
111
In base 14, what is 4 - 912?
-90c
In base 5, what is 4 - -230?
234
In base 16, what is -d - -1?
-c
In base 9, what is -2 - 17?
-20
In base 11, what is 5362 - -4?
5366
In base 11, what is 2 + 1a2?
1a4
In base 5, what is -111 - -133?
22
In base 2, what is -101111111 - -1001?
-101110110
In base 2, what is 100 + 1100000?
1100100
In base 14, what is 53 + 4?
57
In base 13, what is 3 - -95?
98
In base 13, what is -5 - -230?
228
In base 6, what is -1201 - 1?
-1202
In base 16, what is 3 + 98?
9b
In base 2, what is 100001001 + -100?
100000101
In base 16, what is 42d - 0?
42d
In base 11, what is 444 + 0?
444
In base 15, what is 11eb8 - -1?
11eb9
In base 9, what is 70 - -5?
75
In base 15, what is 1 - -3?
4
In base 6, what is -3305 - 1?
-3310
In base 3, what is -220111 - 10?
-220121
In base 7, what is 525 - -1?
526
In base 4, what is 20 + -32?
-12
In base 10, what is -10 + -777?
-787
In base 12, what is -2 - a0?
-a2
In base 15, what is 10 + b7?
c7
In base 14, what is 28b + -5?
286
In base 6, what is -14 - -130?
112
In base 5, what is 32 - -1320?
1402
In base 10, what is -11 - 15?
-26
In base 10, what is 1939 + 3?
1942
In base 9, what is -54 + 11?
-43
In base 6, what is 43344 - 1?
43343
In base 14, what is -1a - 0?
-1a
In base 6, what is 1454 + -4?
1450
In base 5, what is 1 - 24041?
-24040
In base 3, what is -10 - -20102?
20022
In base 7, what is -1 + -2605?
-2606
In base 16, what is 0 + -40?
-40
In base 10, what is 507 - 2?
505
In base 7, what is 1 - 2104?
-2103
In base 13, what is 2 - 15?
-13
In base 16, what is -260 - -4?
-25c
In base 3, what is -200 + 102022?
101122
In base 5, what is 2204 + 11?
2220
In base 9, what is 2 + -581?
-578
In base 14, what is -3cc7 + -5?
-3ccc
In base 11, what is -2048 + -1?
-2049
In base 3, what is 12111 - -121?
20002
In base 5, what is -2 + 242?
240
In base 4, what is 3 + -100?
-31
In base 3, what is 2120 - 12?
2101
In base 3, what is -11 + 212?
201
In base 11, what is 295 + -8?
288
In base 9, what is -22 - 252?
-274
In base 4, what is 2 - -1233?
1301
In base 6, what is 115 + 35?
154
In base 9, what is 244 - -5?
250
In base 7, what is 0 - -41?
41
In base 2, what is 101100 - 1010010?
-100110
In base 5, what is 13 - -23343?
23411
In base 6, what is -14 + -25?
-43
In base 7, what is -4 + 51?
44
In base 5, what is 104 - 30?
24
In base 10, what is 32 - -34?
66
In base 2, what is -11 - -1000100101?
1000100010
In base 11, what is -6 - 49?
-54
In base 11, what is -4 - 35?
-39
In base 4, what is 1 + 31133?
31200
In base 6, what is 5 + -225?
-220
In base 11, what is 3246 - -5?
3250
In base 8, what is -151 - -61?
-70
In base 13, what is b - -c7?
105
In base 9, what is 2 + -245?
-243
In base 5, what is -23 + 101?
23
In base 4, what is 12 + 1203?
1221
In base 15, what is 0 - -ddb?
ddb
In base 16, what is -7 - 41?
-48
In base 13, what is -2ba - 0?
-2ba
In base 13, what is -1 - -14?
13
In base 14, what is 4 - -12c?
132
In base 3, what is -2212 - -1200?
-1012
In base 8, what is 21 + 215?
236
In base 9, what is 61 + 2?
63
In base 9, what is -21 - 8?
-30
In base 15, what is -290 - 10?
-2a0
In base 6, what is -1535 + -3?
-1542
In base 12, what is -4 + -3?
-7
In base 8, what is -42 - -36?
-4
In base 14, what is 0 - 163d?
-163d
In base 8, what is -6 - 246?
-254
In base 13, what is 2a3 - -1?
2a4
In base 10, what is -1 + -72?
-73
In base 10, what is -26255 + -1?
-26256
In base 15, what is -32 - 6?
-38
In base 13, what is 1b + 337?
355
In base 12, what is -167 + -5?
-170
In base 4, what is 0 + 200?
200
In base 14, what is -288 - -4?
-284
In base 13, what is -12 - 0?
-12
In base 13, what is 5bc2 - 4?
5bbb
In base 16, what is -3 + -dd?
-e0
In base 16, what is a5 + 3?
a8
In base 15, what is -1ae + 2?
-1ac
In base 14, what is 0 - 12?
-12
In base 16, what is 5 + 851?
856
In base 13, what is 5 - 121?
-119
In base 8, what is -11 + -22?
-33
In base 13, what is 3 + -86?
-83
In base 2, what is -1 + -11111101001?
-11111101010
In base 14, what is -21 - -68?
47
In base 6, what is 5033 + 0?
5033
In base 9, what is 4204 - 4?
4200
In base 3, what is -10 - 1210211?
-1210221
In base 16, what is c6 - -20?
e6
In base 10, what is 1 + 41?
42
In base 12, what is -16 - 7?
-21
In base 13, what is 2 - 62?
-60
In base 12, what is 0 - -17?
17
In base 13, what is 0 - -3?
3
In base 15, what is -b3e + 1?
-b3d
In base 6, what is 4 + -210?
-202
In base 6, what is 1032 - -5?
1041
In base 4, what is 2 + -200?
-132
In base 5, what is -244 - 1043?
-1342
In base 11, what is -38a + -3?
-392
In base 13, what is 4 - a17?
-a13
In base 16, what is 2 - 2e?
-2c
In base 7, what is -43 - 11?
-54
In base 6, what is 400 - 104?
252
In base 15, what is -12d - 1?
-12e
In base 4, what is -222 - 120?
-1002
In base 8, what is -52 - -62?
10
In base 2, what is -1000010 + 1101?
-110101
In base 9, what is -4 + 183?
178
In base 3, what is -2200012 + -10?
-2200022
In base 6, what is -2 + -230?
-232
In base 13, what is 5c + 1c?
7b
In base 15, what is 90 - -30?
c0
In base 6, what is 3 - -4344?
4351
In base 8, what is -4 - 11460?
-11464
In base 5, what is -313 - 3?
-321
In base 8, what is -643 - -5?
-636
In base 8, what is -4 - 23?
-27
In base 11, what is -34 + -7?
-40
In base 7, what is -4 - 531?
-535
In base 11, what is a - 3a?
-30
In base 12, what is 85a4 - -2?
85a6
In base 15, what is 1e - 8?
16
In base 11, what is -48 + -a?
-57
In base 2, what is -100 - 1111?
-10011
In base 7, what is 2014 + 3?
2020
In base 13, what is -3 - -40?
3a
In base 7, what is -41 - 340?
-411
In base 11, what is -24 - -4?
-20
In base 10, what is 2 + -63?
-61
In base 2, what is -10000100 + 10?
-10000010
In base 14, what is 2 + -1c9?
-1c7
In base 7, what is 23 + -1043?
-1020
In base 8, what is -2 + -503?
-505
In base 15, what is e2 + 0?
e2
In base 16, what is -8 - 157?
-15f
In base 16, what is -bc - -13?
-a9
In base 16, what is -168 + 0?
-168
In base 16, what is 0 + -ba6?
-ba6
In base 8, what is -121 + -3?
-124
In base 3, what is -21101 + 0?
-21101
In base 8, what is 3 - 200?
-175
In base 13, what is 39 + 3?
3c
In base 13, what is a + 8?
15
In base 4, what is 20 + 2200?
2220
In base 11, what is 44a9 + -3?
44a6
In base 13, what is -774 - -4?
-770
